 a prime number?
False
Is 74450617 a composite number?
False
Is 52122353 composite?
True
Is 2342659 prime?
False
Is 2767067 a composite number?
False
Is 29802467 prime?
True
Is 157219691 prime?
True
Is 19953313 a composite number?
False
Is 968327 a composite number?
True
Is 1804267 a composite number?
False
Is 6926453 composite?
True
Is 4115681 a prime number?
True
Is 89459 a prime number?
True
Is 475018226 a prime number?
False
Is 58494309 a prime number?
False
Is 101267 prime?
True
Is 2345699 composite?
False
Is 352993 composite?
True
Is 1215899 prime?
True
Is 116749039 prime?
False
Is 452929 composite?
True
Is 72000343 prime?
True
Is 17623 a prime number?
True
Is 290091 a composite number?
True
Is 2113985 a composite number?
True
Is 19081267 a composite number?
False
Is 16151735 a prime number?
False
Is 3674318 prime?
False
Is 10562494 composite?
True
Is 21385561 prime?
False
Is 1231743569 a composite number?
True
Is 1361357 prime?
True
Is 2788267 prime?
False
Is 5363555 composite?
True
Is 1148649 a prime number?
False
Is 569417 a prime number?
True
Is 1323613 prime?
False
Is 165059101 a composite number?
True
Is 7814921 a prime number?
True
Is 328579 composite?
False
Is 135631 prime?
False
Is 93459229 a prime number?
True
Is 138903 a composite number?
True
Is 29210849 prime?
True
Is 7915049 composite?
False
Is 61028273 prime?
True
Is 202602341 a composite number?
False
Is 10561903 a composite number?
True
Is 18228459 a composite number?
True
Is 134051 prime?
False
Is 330346087 a composite number?
False
Is 1115926973 a composite number?
True
Is 5756741 composite?
False
Is 36082133 composite?
False
Is 4691899 a composite number?
False
Is 8543443 a composite number?
False
Is 4571509 a composite number?
True
Is 920497 prime?
True
Is 2663173 a prime number?
False
Is 449539 prime?
False
Is 180576633 prime?
False
Is 3960497 a prime number?
True
Is 20055097 a prime number?
True
Is 77462591 a prime number?
False
Is 72690935 prime?
False
Is 120035931 a composite number?
True
Is 1250351 composite?
False
Is 18190213 prime?
False
Is 3580793 composite?
False
Is 48968839 a composite number?
True
Is 8473457 composite?
False
Is 8596283 prime?
True
Is 2737347 a prime number?
False
Is 7418609 a composite number?
True
Is 345815809 a prime number?
True
Is 30469237 composite?
False
Is 3046619 prime?
False
Is 206847409 a composite number?
False
Is 1797613 prime?
False
Is 178001035 composite?
True
Is 11244529 prime?
True
Is 15913595 composite?
True
Is 7264369 a prime number?
False
Is 4011047 composite?
True
Is 672743 composite?
False
Is 9810227 prime?
False
Is 15453521 a composite number?
True
Is 810479 a prime number?
False
Is 2999459 a composite number?
False
Is 6379379 a composite number?
False
Is 23207813 prime?
True
Is 5047859 composite?
True
Is 12474529 a composite number?
True
Is 1629473 a prime number?
False
Is 1484911 composite?
False
Is 115201 a composite number?
False
Is 13701497 a composite number?
False
Is 3033227 composite?
True
Is 204403763 composite?
False
Is 12101273 a composite number?
True
Is 194891 a composite number?
False
Is 280061 composite?
False
Is 110018921 composite?
True
Is 125422291 composite?
False
Is 45201155 composite?
True
Is 615457 composite?
True
Is 149333 a composite number?
False
Is 263687 a prime number?
False
Is 21592349 composite?
True
Is 377753557 a prime number?
False
Is 270257791 a prime number?
True
Is 8047 a prime number?
False
Is 21273709 composite?
False
Is 17541607 a composite number?
True
Is 4070699 composite?
True
Is 65481803 composite?
True
Is 10832761 a prime number?
False
Is 128218719 a composite number?
True
Is 24517147 composite?
False
Is 341674423 a prime number?
False
Is 2976767 composite?
False
Is 2599781 a prime number?
False
Is 9358667 prime?
True
Is 266047541 a prime number?
True
Is 4164179 a composite number?
False
Is 11201209 a composite number?
True
Is 4746407 prime?
True
Is 4627501 a composite number?
True
Is 773262131 a composite number?
False
Is 6709001 composite?
True
Is 12360191 a prime number?
True
Is 7482227 a composite number?
True
Is 1821481 a prime number?
True
Is 48312301 prime?
True
Is 1270559 prime?
True
Is 97021 composite?
False
Is 46057903 prime?
True
Is 78566833 composite?
True
Is 4852117 a prime number?
True
Is 434060257 a composite number?
False
Is 15935371 a composite number?
False
Is 132876803 a composite number?
False
Is 23037823 a prime number?
False
Is 41026957 composite?
False
Is 2518007 a composite number?
True
Is 19498153 a composite number?
False
Is 92244941 prime?
False
Is 7811521 a prime number?
True
Is 41005519 prime?
True
Is 368527 prime?
False
Is 16519469 a composite number?
True
Is 28739 a prime number?
False
Is 1501471 prime?
True
Is 588691 a composite number?
True
Is 12685609 a prime number?
True
Is 23433301 prime?
True
Is 6209111 prime?
True
Is 6321823 a composite number?
False
Is 82898889 prime?
False
Is 14680383 a prime number?
False
Is 3689863 a composite number?
False
Is 5529109 prime?
True
Is 535048487 a prime number?
True
Is 8170649 composite?
False
Is 1442717 a prime number?
True
Is 1262831 prime?
False
Is 35236819 a prime number?
True
Is 157002787 a prime number?
False
Is 112391759 composite?
False
Is 822523913 composite?
False
Is 13088707 a composite number?
True
Is 301017313 a composite number?
True
Is 3790309 prime?
True
Is 6060749 composite?
False
Is 1193603 prime?
True
Is 20395 a composite number?
True
Is 57015778 prime?
False
Is 14352707 prime?
False
Is 49889179 composite?
False
Is 5468723 a composite number?
True
Is 4772483 a composite number?
False
Is 345377119 a composite number?
False
Is 172845357 a prime number?
False
Is 1003461 prime?
False
Is 716161 composite?
False
Is 3671069 a composite number?
False
Is 721393 prime?
False
Is 100541429 a prime number?
True
Is 17201533 composite?
True
Is 296299 composite?
False
Is 223991121 a prime number?
False
Is 212661083 a composite number?
False
Is 5941627 a composite number?
True
Is 71701 prime?
False
Is 1381529 a prime number?
True
Is 5716679 a prime number?
False
Is 209330789 prime?
False
Is 3319193 a composite number?
True
Is 11165329 a prime number?
False
Is 17755739 a composite number?
False
Is 162425915 composite?
True
Is 2548813 prime?
True
Is 39162871 a composite number?
True
Is 47440033 prime?
False
Is 9758953 prime?
True
Is 160146122 a prime number?
False
Is 20362879 a prime number?
True
Is 21919601 a prime number?
False
Is 47209039 composite?
True
Is 27756301 prime?
True
Is 4280403 prime?
False
Is 4599983 composite?
False
Is 76866703 prime?
True
Is 99681763 a composite number?
False
Is 1219517 prime?
False
Is 163425907 a composite number?
False
Is 18252563 a composite number?
True
Is 208625099 a composite number?
False
Is 1753637 prime?
True
Is 1960207 prime?
False
Is 645851 composite?
False
Is 98270267 prime?
True
Is 245705393 a composite number?
True
Is 6351743 composite?
False
Is 509057 a prime number?
False
Is 119470061 composite?
False
Is 36150851 a prime number?
False
Is 8197271 a composite number?
False
Is 386660581 composite?
True
Is 100151659 a composite number?
True
Is 322504657 prime?
True
Is 385379899 a prime number?
True
Is 598660471 prime?
True
Is 126495869 a composite number?
False
Is 209333045 a composite number?
True
Is 6391093 prime?
True
Is 9702139 a composite number?
True
Is 337121959 a composite number?
True
Is 1852307 prime?
True
Is 7735123 composite?
True
Is 38750501 a composite number?
True
Is 12493919 composite?
False
Is 826271 composite?
False
Is 54674665 composite?
True
Is 6228389 prime?
True
Is 18300791 composite?
True
Is 1485611 a prime number?
False
Is 6209239 composite?
False
Is 2962151 a composite number?
False
Is 901183 a composite number?
False
Is 12622999 a prime number?
False
Is 107504771 a composite number?
True
Is 34379069 a prime number?
True
Is 383851 a composite number?
True
Is 28929023 prime?
True
Is 36189767 a prime number?
False
Is 34022671 a composite number?
False
Is 45145 prime?
False
Is 122662159 a prime number?
False
Is 17577977 composite?
True
Is 963581 a composite number?
False
Is 10703417 a composite number?
True
Is 3520537 prime?
True
Is 156413 a prime number?
False
Is 4752791 a prime number?
True
Is 146908187 composite?
True
Is 158489 